{"id":342,"date":"2019-02-06T04:30:32","date_gmt":"2019-02-06T04:30:32","guid":{"rendered":"https:\/\/ninetheme.com\/themes\/agro\/?page_id=342"},"modified":"2024-09-25T18:42:22","modified_gmt":"2024-09-25T18:42:22","slug":"intern-blog","status":"publish","type":"page","link":"https:\/\/www.grainplacefoundation.org\/espanol\/intern-blog\/","title":{"rendered":"Blog del practicante"},"content":{"rendered":"<div class=\"vc_row wpb_row vc_row-fluid\"><div class=\"nt-column col-sm-12\"><div class=\"nt-shortcode-wrapper\"><div id=\"hero\" class=\"nt-shortcode-hero jarallax section_69e791269b5b7 vc_custom_1705165949057\" data-speed=\"0.7\" data-img-position=\"50% 80%\" data-res-css=\"          \"><div class=\"container\"><div class=\"row\"><div class=\"col-12 col-lg-7 text-left\"><h1 class=\"__title\"><span>Notas de nuestro<\/span> Programa piloto de pr\u00e1cticas profesionales TOPP<\/h1><div class=\"shortcode-page-breadcrumbs breadcrumb\"><div class=\"nt-breadcrumbs\"><ul class=\"nt-breadcrumbs-list\"><li class=\"bitem\"><span><a class=\"breadcrumbs__link\" href=\"https:\/\/www.grainplacefoundation.org\/espanol\/\"><span>Home<\/span><\/a><\/span><\/li><\/ul><\/div><\/div><\/div><\/div><\/div><\/div><\/div><\/div><\/div><div class=\"agro-section-wrapper\"><div class=\"nt-column\"><div class=\"nt-shortcode-wrapper\"><div class=\"section section-blog blog_69e791269c6c1\" data-res-css=\"                     \"><div class=\"container\"><div class=\"posts posts--style-1\"><div class=\"__inner\"><div class=\"row\"><div class=\"nt-post col-12 col-sm-6 col-lg-4 post-1915 post type-post status-publish format-standard has-post-thumbnail hentry category-intern tag-topp tag-topp-intern-pilot  nt-post-class\"><div class=\"__item __item--preview\" data-aos=\"flip-up\" data-aos-delay=\"100\" data-aos-offset=\"0\"><figure class=\"__image\"><img decoding=\"async\" src=\"https:\/\/www.grainplacefoundation.org\/wp-content\/uploads\/2024\/03\/IMG_20240304_110417403-1-767x812.jpeg\" alt=\"March 3, 2024\" \/><\/figure><div class=\"__content\"><p class=\"__category\"><a href=\"https:\/\/www.grainplacefoundation.org\/espanol\/category\/intern\/\" rel=\"category tag\">Haz tus pr\u00e1cticas profesionales<\/a><\/p><h3 class=\"__title h5\"><a href=\"https:\/\/www.grainplacefoundation.org\/espanol\/march-3-2024\/\">3 de marzo del 2024<\/a><\/h3><p>Mi nombre es Adam, y soy el nuevo interno en Grain Place. Me gradu\u00e9 en 2017 de la Universidad de Nebraska en Lincoln, con Licenciatura en Ciencias del Agua...<\/p>\n<a href=\"https:\/\/www.grainplacefoundation.org\/espanol\/march-3-2024\/\" class=\"custom-btn custom-btn--medium custom-btn--style-1 btn-round\">Leer m\u00e1s<\/a><\/div><span class=\"__date-post\"><strong>5<\/strong>Mar<\/span><\/div><\/div><div class=\"nt-post col-12 col-sm-6 col-lg-4 post-1853 post type-post status-publish format-standard has-post-thumbnail hentry category-intern tag-topp tag-topp-intern-pilot  nt-post-class\"><div class=\"__item __item--preview\" data-aos=\"flip-up\" data-aos-delay=\"200\" data-aos-offset=\"0\"><figure class=\"__image\"><img decoding=\"async\" src=\"https:\/\/www.grainplacefoundation.org\/wp-content\/uploads\/2024\/02\/Screen-Shot-2024-02-05-at-12.12.16-PM-767x812.png\" alt=\"February 8, 2024\" \/><\/figure><div class=\"__content\"><p class=\"__category\"><a href=\"https:\/\/www.grainplacefoundation.org\/espanol\/category\/intern\/\" rel=\"category tag\">Haz tus pr\u00e1cticas profesionales<\/a><\/p><h3 class=\"__title h5\"><a href=\"https:\/\/www.grainplacefoundation.org\/espanol\/february-8-2024\/\">8 de febrero del 2024<\/a><\/h3><p>Soy Isaac y les traigo el blog final de mi pasant\u00eda aqu\u00ed en Grain Place. Durante las \u00faltimas 5 semanas, he podido ser el primer participante...<\/p>\n<a href=\"https:\/\/www.grainplacefoundation.org\/espanol\/february-8-2024\/\" class=\"custom-btn custom-btn--medium custom-btn--style-1 btn-round\">Leer m\u00e1s<\/a><\/div><span class=\"__date-post\"><strong>9<\/strong>Feb<\/span><\/div><\/div><div class=\"nt-post col-12 col-sm-6 col-lg-4 post-1846 post type-post status-publish format-standard has-post-thumbnail hentry category-intern tag-topp tag-topp-intern-pilot  nt-post-class\"><div class=\"__item __item--preview\" data-aos=\"flip-up\" data-aos-delay=\"300\" data-aos-offset=\"0\"><figure class=\"__image\"><img decoding=\"async\" src=\"https:\/\/www.grainplacefoundation.org\/wp-content\/uploads\/2024\/01\/Screen-Shot-2024-01-29-at-5.49.17-PM-767x812.png\" alt=\"January 30, 2024\" \/><\/figure><div class=\"__content\"><p class=\"__category\"><a href=\"https:\/\/www.grainplacefoundation.org\/espanol\/category\/intern\/\" rel=\"category tag\">Haz tus pr\u00e1cticas profesionales<\/a><\/p><h3 class=\"__title h5\"><a href=\"https:\/\/www.grainplacefoundation.org\/espanol\/january-30-2024\/\">30 de enero del 2024<\/a><\/h3><p>Isaac aqu\u00ed de nuevo, con el pen\u00faltimo blog de mi tiempo de pasante en Grain Place. La semana pasada estuvo muy ocupada ya que la reuni\u00f3n anual de la NSAS (Sociedad de Agricultura...<\/p>\n<a href=\"https:\/\/www.grainplacefoundation.org\/espanol\/january-30-2024\/\" class=\"custom-btn custom-btn--medium custom-btn--style-1 btn-round\">Leer m\u00e1s<\/a><\/div><span class=\"__date-post\"><strong>31<\/strong>Ene<\/span><\/div><\/div><div class=\"nt-post col-12 col-sm-6 col-lg-4 post-1828 post type-post status-publish format-standard has-post-thumbnail hentry category-intern tag-topp tag-topp-intern-pilot  nt-post-class\"><div class=\"__item __item--preview\" data-aos=\"flip-up\" data-aos-delay=\"400\" data-aos-offset=\"0\"><figure class=\"__image\"><img decoding=\"async\" src=\"https:\/\/www.grainplacefoundation.org\/wp-content\/uploads\/2024\/01\/Screen-Shot-2024-01-22-at-12.25.55-PM-767x812.png\" alt=\"January 23, 2024\" \/><\/figure><div class=\"__content\"><p class=\"__category\"><a href=\"https:\/\/www.grainplacefoundation.org\/espanol\/category\/intern\/\" rel=\"category tag\">Haz tus pr\u00e1cticas profesionales<\/a><\/p><h3 class=\"__title h5\"><a href=\"https:\/\/www.grainplacefoundation.org\/espanol\/january-23-2024\/\">23 de enero del 2024<\/a><\/h3><p>Soy Isaac con otro blog, mostrando los aspectos m\u00e1s destacados de la tercer semana de mis pr\u00e1cticas en Grain Place. Mientras escribo esto, es lunes...<\/p>\n<a href=\"https:\/\/www.grainplacefoundation.org\/espanol\/january-23-2024\/\" class=\"custom-btn custom-btn--medium custom-btn--style-1 btn-round\">Leer m\u00e1s<\/a><\/div><span class=\"__date-post\"><strong>23<\/strong>Ene<\/span><\/div><\/div><div class=\"nt-post col-12 col-sm-6 col-lg-4 post-1803 post type-post status-publish format-standard has-post-thumbnail hentry category-intern tag-topp tag-topp-intern-pilot  nt-post-class\"><div class=\"__item __item--preview\" data-aos=\"flip-up\" data-aos-delay=\"500\" data-aos-offset=\"0\"><figure class=\"__image\"><img decoding=\"async\" src=\"https:\/\/www.grainplacefoundation.org\/wp-content\/uploads\/2024\/01\/Screen-Shot-2024-01-16-at-1.20.27-PM-1-767x812.png\" alt=\"January 16, 2024\" \/><\/figure><div class=\"__content\"><p class=\"__category\"><a href=\"https:\/\/www.grainplacefoundation.org\/espanol\/category\/intern\/\" rel=\"category tag\">Haz tus pr\u00e1cticas profesionales<\/a><\/p><h3 class=\"__title h5\"><a href=\"https:\/\/www.grainplacefoundation.org\/espanol\/january-16\/\">16 de enero del 2024<\/a><\/h3><p>Soy Isaac y les traigo otra semana en la vida de un pasante en la granja de Grain Place. Esta semana hemos estado lidiando con un clima invernal helado...<\/p>\n<a href=\"https:\/\/www.grainplacefoundation.org\/espanol\/january-16\/\" class=\"custom-btn custom-btn--medium custom-btn--style-1 btn-round\">Leer m\u00e1s<\/a><\/div><span class=\"__date-post\"><strong>16<\/strong>Ene<\/span><\/div><\/div><div class=\"nt-post col-12 col-sm-6 col-lg-4 post-1782 post type-post status-publish format-standard has-post-thumbnail hentry category-intern tag-topp tag-topp-intern-pilot  nt-post-class\"><div class=\"__item __item--preview\" data-aos=\"flip-up\" data-aos-delay=\"600\" data-aos-offset=\"0\"><figure class=\"__image\"><img decoding=\"async\" src=\"https:\/\/www.grainplacefoundation.org\/wp-content\/uploads\/2024\/01\/Screen-Shot-2024-01-05-at-4.45.38-PM-767x812.png\" alt=\"January 12, 2024\" \/><\/figure><div class=\"__content\"><p class=\"__category\"><a href=\"https:\/\/www.grainplacefoundation.org\/espanol\/category\/intern\/\" rel=\"category tag\">Haz tus pr\u00e1cticas profesionales<\/a><\/p><h3 class=\"__title h5\"><a href=\"https:\/\/www.grainplacefoundation.org\/espanol\/january-12-2024\/\">12 de enero del 2024<\/a><\/h3><p>Mi nombre es Isaac Johnson y durante las pr\u00f3ximas cinco semanas trabajar\u00e9 como pasante aqu\u00ed en Grain Place en Marquette, Nebraska. Esta primera semana ha estado...<\/p>\n<a href=\"https:\/\/www.grainplacefoundation.org\/espanol\/january-12-2024\/\" class=\"custom-btn custom-btn--medium custom-btn--style-1 btn-round\">Leer m\u00e1s<\/a><\/div><span class=\"__date-post\"><strong>12<\/strong>Ene<\/span><\/div><\/div><div class=\"col-12 pagination-shortcode pt-12\"><\/div><\/div><\/div><\/div><\/div><\/div><\/div><\/div><\/div><div class=\"nt_clearfix\"><\/div><div class=\"agro-section-wrapper\"><div class=\"nt-column\"><div class=\"nt-shortcode-wrapper\"><div class=\"section item_69e79126a398a\" data-res-css=\"             \"><div class=\"container\"><div class=\"row\"><div class=\"col-12 col-lg-6\"><h2 class=\"info-heading\">Programa de Asociaci\u00f3n de Transici\u00f3n a lo Org\u00e1nico (Transition to Organic Partnership Program) <span>(TOPP)<\/span><\/h2>Nuestro programa piloto de pasantes con el apoyo del Programa de Asociaci\u00f3n de Transici\u00f3n a la Agricultura Org\u00e1nica (TOPP) del Departamento de Agricultura de los Estados Unidos (USDA). TOPP es un programa de la iniciativa de Transici\u00f3n Org\u00e1nica del USDA y es administrado por el Programa Org\u00e1nico Nacional (NOP) del Servicio de Comercializaci\u00f3n Agr\u00edcola (AMS) del USDA.<\/div><div class=\"col-12 my-3 d-lg-none\"><\/div><div class=\"col-12 col-lg-6\"><img decoding=\"async\" src=\"https:\/\/www.grainplacefoundation.org\/wp-content\/uploads\/2023\/06\/USDA_AMS_NOP_TOPP_greenFont-1536x382-1.jpg\" class=\"img-fluid\" alt=\"Transition to Organic Partnership Program\"><\/div><\/div><\/div><\/div><div class=\"vc_btn3-container  custom-btn--style-1 vc_btn3-center\" ><a onmouseleave=\"this.style.borderColor='#3f3f3f'; this.style.backgroundColor='transparent'; this.style.color='#3f3f3f'\" onmouseenter=\"this.style.borderColor='#fcdb5a'; this.style.backgroundColor='#fcdb5a'; this.style.color='#3f3f3f';\" style=\"border-color:#3f3f3f; color:#3f3f3f;\" class=\"vc_general vc_btn3 vc_btn3-size-md vc_btn3-shape-rounded vc_btn3-style-outline-custom\" href=\"https:\/\/www.organictransition.org\/\" title=\"Ir a la p\u00e1gina Web de TOPP\">Ir a la p\u00e1gina Web de TOPP<\/a><\/div><\/div><\/div><\/div><div class=\"nt_clearfix\"><\/div>","protected":false},"excerpt":{"rendered":"Hello everyone! My name is Isaac Johnson and for the next five weeks, I will be working as an intern here at the Grain Place in Marquette, Nebraska. This first week has been jam-packed with new information and learning about the farm and the grain processing operations. Given that it is currently January, the working...","protected":false},"author":1,"featured_media":0,"parent":0,"menu_order":0,"comment_status":"closed","ping_status":"closed","template":"custom-page.php","meta":{"om_disable_all_campaigns":false,"_monsterinsights_skip_tracking":false,"_monsterinsights_sitenote_active":false,"_monsterinsights_sitenote_note":"","_monsterinsights_sitenote_category":0,"_uf_show_specific_survey":0,"_uf_disable_surveys":false,"footnotes":""},"class_list":["post-342","page","type-page","status-publish","hentry"," nt-post-class"],"aioseo_notices":[],"_links":{"self":[{"href":"https:\/\/www.grainplacefoundation.org\/espanol\/wp-json\/wp\/v2\/pages\/342","targetHints":{"allow":["GET"]}}],"collection":[{"href":"https:\/\/www.grainplacefoundation.org\/espanol\/wp-json\/wp\/v2\/pages"}],"about":[{"href":"https:\/\/www.grainplacefoundation.org\/espanol\/wp-json\/wp\/v2\/types\/page"}],"author":[{"embeddable":true,"href":"https:\/\/www.grainplacefoundation.org\/espanol\/wp-json\/wp\/v2\/users\/1"}],"replies":[{"embeddable":true,"href":"https:\/\/www.grainplacefoundation.org\/espanol\/wp-json\/wp\/v2\/comments?post=342"}],"version-history":[{"count":17,"href":"https:\/\/www.grainplacefoundation.org\/espanol\/wp-json\/wp\/v2\/pages\/342\/revisions"}],"predecessor-version":[{"id":2027,"href":"https:\/\/www.grainplacefoundation.org\/espanol\/wp-json\/wp\/v2\/pages\/342\/revisions\/2027"}],"wp:attachment":[{"href":"https:\/\/www.grainplacefoundation.org\/espanol\/wp-json\/wp\/v2\/media?parent=342"}],"curies":[{"name":"wp","href":"https:\/\/api.w.org\/{rel}","templated":true}]}}