{"id":322,"date":"2019-02-05T16:34:32","date_gmt":"2019-02-05T16:34:32","guid":{"rendered":"https:\/\/ninetheme.com\/themes\/agro\/?page_id=322"},"modified":"2025-04-23T14:39:57","modified_gmt":"2025-04-23T14:39:57","slug":"get-involved","status":"publish","type":"page","link":"https:\/\/www.grainplacefoundation.org\/espanol\/get-involved\/","title":{"rendered":"Get Involved"},"content":{"rendered":"<div class=\"agro-section-wrapper\"><div class=\"nt-column\"><div class=\"nt-shortcode-wrapper\"><div id=\"hero\" class=\"nt-shortcode-hero jarallax section_69e77a25d6697 vc_custom_1686168404385\" data-speed=\"0.7\" data-img-position=\"50% 80%\" data-res-css=\"          \"><div class=\"container\"><div class=\"row\"><div class=\"col-12 col-lg-7\"><h1 class=\"__title\"><span>Involucrate<\/span> En Grain Place<\/h1><div class=\"shortcode-page-breadcrumbs breadcrumb\"><div class=\"nt-breadcrumbs\"><ul class=\"nt-breadcrumbs-list\"><li class=\"bitem\"><span><a class=\"breadcrumbs__link\" href=\"https:\/\/www.grainplacefoundation.org\/espanol\/\"><span>Home<\/span><\/a><\/span><\/li><\/ul><\/div><\/div><\/div><\/div><\/div><\/div><\/div><\/div><\/div><div class=\"nt_clearfix\"><\/div><div id=\"donate\" class=\"vc_row wpb_row vc_row-fluid\"><div class=\"nt-column col-sm-12\"><div class=\"nt-shortcode-wrapper\"><div class=\"section item_69e77a25d7531\" data-res-css=\"             \"><div class=\"container\"><div class=\"row\"><div class=\"col-12 col-lg-6\"><h2 class=\"info-heading\">Dona a <span>Grain Place<\/span><\/h2><strong>Donaciones Monetarias:<\/strong>\u00a0 Sus donaciones apoyar\u00e1n las operaciones agr\u00edcolas y nos ayudar\u00e1n a establecer programas educativos y cient\u00edficos para mejorar el legado de una granja org\u00e1nica pionera. Su contribuci\u00f3n financiera deducible de impuestos cada a\u00f1o lo convierte en un amigo de la Fundaci\u00f3n, recibir\u00e1 actualizaciones peri\u00f3dicas por correo electr\u00f3nico y figurar\u00e1 en el informe anual de donantes.<\/p>\n<p>Env\u00ede su donaci\u00f3n a: Grain Place Foundation, 1904 N. Hwy 14, Marquette, NE 68854 o haga una donaci\u00f3n en l\u00ednea a trav\u00e9s del enlace al final de esta p\u00e1gina.<\/p>\n<p><a href=\"#donations-matter\">Lea m\u00e1s sobre como sus donaciones juegan un papel significativo en nuestro trabajo.<\/a><\/p>\n<p><b>Donaciones Grandes:<\/b>\u00a0Tenemos sue\u00f1os de expandir nuestro trabajo en nuestra Fundaci\u00f3n con personal adicional, oportunidades educativas y m\u00e1s. La mayor\u00eda de las importantes donaciones iniciales procedieron de la propiedad de The Grain Place, de la familia Vetter. Esto nos da la tierra y el suelo. Todos nuestros gastos operativos anuales, sin embargo, provienen de sus donaciones. Una gran donaci\u00f3n nos permitir\u00eda dar un paso adelante en nuestra misi\u00f3n. Nos encantar\u00eda\u00a0<a href=\"mailto:jay@grainplacefoundation.org\">hablar con usted<\/a>\u00a0sobre estas posibilidades.<p><a class=\"custom-btn custom-btn--medium custom-btn--style-1\" href=\"https:\/\/www.aplos.com\/aws\/give\/GrainPlaceFoundation\/Donate\" target=\"_blank\">iniciar una donaci\u00f3n<\/a><\/p><\/div><div class=\"col-12 my-3 d-lg-none\"><\/div><div class=\"col-12 col-lg-6\"><img decoding=\"async\" src=\"https:\/\/www.grainplacefoundation.org\/wp-content\/uploads\/2022\/05\/gpf-logo-400.png\" class=\"img-fluid\" alt=\"gpf-logo-400.png\"><\/div><\/div><\/div><\/div><\/div><\/div><\/div><div class=\"agro-section-wrapper vc_custom_1686581746334 nt-has-fill\"><div class=\"nt-column\"><div class=\"nt-shortcode-wrapper\"><div class=\"section section_69e77a25d81ca\" data-res-css=\".section.section_69e77a25d81ca .company-contacts .__item .__ico {color: #ffffff; }  \"><div class=\"container\"><div class=\"company-contacts text-center\"><div class=\"__inner\"><div class=\"row justify-content-around\"><div class=\"col-12 col-md-4 col-lg-3\"><div class=\"__item\"><i class=\"__ico fontello-location\"><\/i><h4 class=\"__title\">Direcci\u00f3n<\/h4><p>1904 N. Hwy 14<br> Marquette, NE 68854<\/p><\/div><\/div><div class=\"col-12 col-md-4 col-lg-3\"><div class=\"__item\"><i class=\"__ico fontello-phone\"><\/i><h4 class=\"__title\">Tel\u00e9fono<\/h4><p>\t\n<a href=\"tel:308-850-3020\">308 850-3020<\/a><\/p><\/div><\/div><div class=\"col-12 col-md-4 col-lg-3\"><div class=\"__item\"><i class=\"__ico fontello-mail-1\"><\/i><h4 class=\"__title\">Correo electr\u00f3nico<\/h4><p><a href=\"mailto:organic@grainplacefoundation.org\">organic@grainplacefoundation.org<\/a><\/p><\/div><\/div><\/div><\/div><\/div><\/div><\/div><\/div><\/div><\/div><div class=\"nt_clearfix\"><\/div><div class=\"agro-section-wrapper\"><div class=\"nt-column\"><div class=\"nt-shortcode-wrapper\"><div class=\"section item_69e77a25d8726\" data-res-css=\"             \"><div class=\"container\"><div class=\"row\"><div class=\"col-12 col-lg-6\"><h2 class=\"info-heading\">Los voluntarios llevan a cabo <span>nuestra misi\u00f3n<\/span><\/h2>\u00a1La Fundaci\u00f3n Grain Place depende de voluntarios! Los miembros de la junta y los voluntarios no reciben una compensaci\u00f3n y actualmente pagan sus propios gastos.<\/p>\n<ul>\n<li>Servicio en la junta<\/li>\n<li>Recaudaci\u00f3n de fondos y redacci\u00f3n de subvenciones<\/li>\n<li>Impulsar nuestra misi\u00f3n educativa<\/li>\n<li>Desarrollar oportunidades de voluntariado<\/li>\n<li>Comunicaciones: sitio web, redes sociales, bolet\u00edn  informativo, etc.<\/li>\n<li>Crear redes con otros en agricultura org\u00e1nica\/regenerativa<\/li>\n<li>Investigaci\u00f3n en la granja<\/li>\n<li>Funcionamiento de la casa de hu\u00e9spedes.<\/li>\n<li>Gesti\u00f3n agr\u00edcola<\/li>\n<li>Administraci\u00f3n general<\/li>\n<li>Trabajo agr\u00edcola<\/li>\n<\/ul>\n<\/div><div class=\"col-12 my-3 d-lg-none\"><\/div><div class=\"col-12 col-lg-6\"><img decoding=\"async\" src=\"https:\/\/www.grainplacefoundation.org\/wp-content\/uploads\/2023\/07\/volunteerjane.jpg\" class=\"img-fluid\" alt=\"volunteerjane.jpg\"><\/div><\/div><\/div><\/div><\/div><\/div><\/div><div class=\"nt_clearfix\"><\/div><div id=\"volunteer\" class=\"agro-section-wrapper section section--dark-bg vc_custom_1686167792588 nt_section_15417022 nt-has-responsive-data\" data-res-css=\"@media (max-width: 992px) {.nt_section_15417022{ padding-bottom: 84px !important; }} @media (max-width: 768px) {.nt_section_15417022{ padding-bottom: 54px !important; }}\"><div class=\"container container-stretch\"><div class=\"row\"><div class=\"section-heading--white nt-column col-sm-12\"><div class=\"nt-shortcode-wrapper\"><div class=\"section-heading section-heading--center item_69e77a25d8fff\" data-res-css=\"     \" data-aos=\"fade\"><h2 class=\"__title\">\u00bfEst\u00e1s interesado en <span>ser voluntario con nosotros?<\/span><\/h2><p>Esperamos que nos informes si te gustar\u00eda ser voluntario en la Fundaci\u00f3n. Te recomendamos que uses este formulario para informarnos m\u00e1s sobre tus intereses y habilidades. (Tambi\u00e9n puedes enviar tu informaci\u00f3n por correo electr\u00f3nico a organic@grainplacefoundation.org)<\/p><\/div>\n<div class=\"wpcf7 no-js\" id=\"wpcf7-f1300-o1\" lang=\"en-US\" dir=\"ltr\" data-wpcf7-id=\"1300\">\n<div class=\"screen-reader-response\"><p role=\"status\" aria-live=\"polite\" aria-atomic=\"true\"><\/p> <ul><\/ul><\/div>\n<form action=\"\/espanol\/wp-json\/wp\/v2\/pages\/322#wpcf7-f1300-o1\" method=\"post\" class=\"wpcf7-form init\" aria-label=\"Contact form\" novalidate=\"novalidate\" data-status=\"init\" data-trp-original-action=\"\/espanol\/wp-json\/wp\/v2\/pages\/322#wpcf7-f1300-o1\">\n<fieldset class=\"hidden-fields-container\"><input type=\"hidden\" name=\"_wpcf7\" value=\"1300\" \/><input type=\"hidden\" name=\"_wpcf7_version\" value=\"6.1.5\" \/><input type=\"hidden\" name=\"_wpcf7_locale\" value=\"en_US\" \/><input type=\"hidden\" name=\"_wpcf7_unit_tag\" value=\"wpcf7-f1300-o1\" \/><input type=\"hidden\" name=\"_wpcf7_container_post\" value=\"0\" \/><input type=\"hidden\" name=\"_wpcf7_posted_data_hash\" value=\"\" \/><input type=\"hidden\" name=\"_wpcf7_recaptcha_response\" value=\"\" \/>\n<\/fieldset>\n<div class=\"contact-form js-contact-form\" data-aos=\"fade\">\n\t<div class=\"row\">\n\t\t<div class=\"col-12 col-md-6\">\n\t\t\t<div class=\"input-wrp\">\n\t\t\t\t<p><span class=\"wpcf7-form-control-wrap\" data-name=\"text-787\"><input size=\"40\" maxlength=\"400\" class=\"wpcf7-form-control wpcf7-text wpcf7-validates-as-required textfield\" aria-required=\"true\" aria-invalid=\"false\" placeholder=\"Nombre\" value=\"\" type=\"text\" name=\"text-787\" \/><\/span>\n\t\t\t\t<\/p>\n\t\t\t<\/div>\n\t\t<\/div>\n\t\t<div class=\"col-12 col-md-6\">\n\t\t\t<div class=\"input-wrp\">\n\t\t\t\t<p><span class=\"wpcf7-form-control-wrap\" data-name=\"text-788\"><input size=\"40\" maxlength=\"400\" class=\"wpcf7-form-control wpcf7-text wpcf7-validates-as-required textfield\" aria-required=\"true\" aria-invalid=\"false\" placeholder=\"Correo electr\u00f3nico\" value=\"\" type=\"text\" name=\"text-788\" \/><\/span>\n\t\t\t\t<\/p>\n\t\t\t<\/div>\n\t\t<\/div>\n\t\t<div class=\"col-12 col-md-6\">\n\t\t\t<div class=\"input-wrp\">\n\t\t\t\t<p><span class=\"wpcf7-form-control-wrap\" data-name=\"text-789\"><input size=\"40\" maxlength=\"400\" class=\"wpcf7-form-control wpcf7-text wpcf7-validates-as-required textfield\" aria-required=\"true\" aria-invalid=\"false\" placeholder=\"Tel\u00e9fono\" value=\"\" type=\"text\" name=\"text-789\" \/><\/span>\n\t\t\t\t<\/p>\n\t\t\t<\/div>\n\t\t<\/div>\n\t<\/div>\n\t<div class=\"input-wrp\">\n\t\t<p><span class=\"wpcf7-form-control-wrap\" data-name=\"textarea-212\"><textarea cols=\"10\" rows=\"2\" maxlength=\"2000\" class=\"wpcf7-form-control wpcf7-textarea wpcf7-validates-as-required textfield\" aria-required=\"true\" aria-invalid=\"false\" placeholder=\"Experiencia y\/o empleo relevante\" name=\"textarea-212\"><\/textarea><\/span>\n\t\t<\/p>\n\t<\/div>\n\t<div class=\"input-wrp\">\n\t\t<p><span class=\"wpcf7-form-control-wrap\" data-name=\"textarea-213\"><textarea cols=\"10\" rows=\"2\" maxlength=\"2000\" class=\"wpcf7-form-control wpcf7-textarea wpcf7-validates-as-required textfield\" aria-required=\"true\" aria-invalid=\"false\" placeholder=\"\u00bfPor qu\u00e9 est\u00e1s interesado en nuestra organizaci\u00f3n?\" name=\"textarea-213\"><\/textarea><\/span>\n\t\t<\/p>\n\t<\/div>\n\t<div class=\"input-wrp\">\n\t\t<p><span class=\"wpcf7-form-control-wrap\" data-name=\"textarea-214\"><textarea cols=\"10\" rows=\"2\" maxlength=\"2000\" class=\"wpcf7-form-control wpcf7-textarea wpcf7-validates-as-required textfield\" aria-required=\"true\" aria-invalid=\"false\" placeholder=\"\u00c1rea(s) de especializaci\u00f3n\/contribuci\u00f3n que crees que puedes apoyar\" name=\"textarea-214\"><\/textarea><\/span>\n\t\t<\/p>\n\t<\/div>\n\t<div class=\"input-wrp\">\n\t\t<p><span class=\"wpcf7-form-control-wrap\" data-name=\"textarea-215\"><textarea cols=\"10\" rows=\"2\" maxlength=\"2000\" class=\"wpcf7-form-control wpcf7-textarea wpcf7-validates-as-required textfield\" aria-required=\"true\" aria-invalid=\"false\" placeholder=\"Otra informaci\u00f3n importante\" name=\"textarea-215\"><\/textarea><\/span>\n\t\t<\/p>\n\t<\/div>\n\t<p><input class=\"wpcf7-form-control wpcf7-submit has-spinner custom-btn custom-btn--medium custom-btn--style-3 wide\" type=\"submit\" value=\"Enviar\" \/>\n\t<\/p>\n<\/div><div class=\"wpcf7-response-output\" aria-hidden=\"true\"><\/div>\n<input type=\"hidden\" name=\"trp-form-language\" value=\"espanol\"\/><\/form>\n<\/div>\n<\/div><\/div><\/div><\/div><\/div><div class=\"nt_clearfix\"><\/div><div id=\"internships\" class=\"vc_row wpb_row vc_row-fluid\"><div class=\"nt-column col-sm-12\"><div class=\"nt-shortcode-wrapper\"><div class=\"section item_69e77a25dcf6c\" data-res-css=\"     \"><div class=\"container\"><div class=\"row justify-content-xl-between\"><div class=\"col-12 col-lg col-xl-7\"><h2 class=\"info-heading\">Haz tus pr\u00e1cticas profesionales <span>Grain Place<\/span><\/h2>Looking for an unforgettable summer experience on an organic farm? Want to swap the hustle and bustle for open skies, hands-on farming, and a real connection to your food? The Grain Place Farm is calling.<\/p>\n<p>We\u2019re looking for two Farm Interns to join us on our 280-acre farm in the heart of Nebraska\u2014where we produce grains, legumes, and pastured livestock using the highest level of certified organic and regenerative agricultural practices. This internship is paid ($15\/hour), with free housing available on the farm in our new intern house.<\/p>\n<p>The ideal candidate is passionate about growing healthy food; working with (rather than against) nature; and seeking foundational and transformational experiences in their academic and\/or career journey.<\/p>\n<p>As an intern at the Grain Place Farm, you\u2019ll work alongside our Resident Farmer and Farm Manager on diverse crop production, livestock care, and general farm upkeep. This isn\u2019t just any farm internship, it\u2019s an opportunity to be part of a unique nine-year crop rotation system that produces abundant yields without synthetic fertilizers or pesticides. You\u2019ll gain practical skills and big-picture thinking related to soil health, agroecology, and holistic farm management. Additionally, you\u2019ll be encouraged to spend time reflecting and pursuing personal education related to your interests.<\/p>\n<p>The Grain Place Farm has played a role in transforming the lives and career aspirations of previous interns. To take a sneak peek into their experiences, please see our intern blog <a href=\"https:\/\/www.grainplacefoundation.org\/intern-blog\/\">aqu\u00ed <\/a>and read the Organic Center\u2019s interview with a former intern (now board member!) <a href=\"https:\/\/www.organic-center.org\/teaching-and-living-organic-way-heart-nebraska\">aqu\u00ed<\/a>. You can meet our farmers <a href=\"https:\/\/www.grainplacefoundation.org\/our-farmers\">aqu\u00ed<\/a>. Finally, you can watch a documentary about the farm <a href=\"https:\/\/dreamingofavetterworld.com\/\">aqu\u00ed<\/a>.<\/p>\n<p><strong>Review of applications will begin March 1 and continue until the spots are filled.<\/strong><\/p>\n<p style=\"text-align: center;\"><a class=\"custom-btn custom-btn--medium custom-btn--style-4\" href=\"https:\/\/www.grainplacefoundation.org\/internships-apply\">APPLY HERE<\/a><\/p>\n<\/div><div class=\"col-12 my-3 d-lg-none\"><\/div><div class=\"col-12 col-lg-auto  text-center\"><img decoding=\"async\" src=\"https:\/\/www.grainplacefoundation.org\/wp-content\/uploads\/2023\/06\/intern.jpg\" class=\"img-fluid\" alt=\"intern.jpg\"><\/div><\/div><\/div><\/div><div class=\"section section--dark-bg jarallax section_69e77a25dd506\" data-speed=\"0.5\" data-img-position=\"50% 80%\" data-res-css=\"             \"><img decoding=\"async\" src=\"https:\/\/www.grainplacefoundation.org\/wp-content\/uploads\/2023\/09\/CompleteInternHouse1.jpg\" class=\"jarallax-img\" alt=\"CompleteInternHouse1.jpg\"><div class=\"container\"><div class=\"row\"><div class=\"col-12 col-md-8 col-lg-6\"><div data-aos=\"fade-left\" data-aos-easing=\"ease-out-quad\" data-aos-duration=\"700\"><h2 class=\"text-white\">Nuestra casa <br><span>de pasantes<\/span><\/h2><div class=\"text-white\">\n<h4><span style=\"color: #ffffff;\">Harrison House<\/span><\/h4>\n<p>Thank you to those who helped us finance the construction of Harrison House. It was substantially completed in late 2023 and housed our first intern in January 2024. Initially funded with a gift from Linda and Greg Harrison, construction was completed with many hours of volunteer labor and financial support from others. Landscaping and construction of decks at both outside entrances is expected to be completed in 2025. With volunteer labor this is projected to cost about $10,000. Occupancy can be increased by finishing the basement. Financial gifts are still welcome.<\/div><p><a class=\"custom-btn custom-btn--medium custom-btn--style-4\" href=\"https:\/\/app.aplos.com\/aws\/give\/GrainPlaceFoundation\/Donate\">Donar en l\u00ednea<\/a><\/p><\/div><\/div><\/div><\/div><div class=\"py-4 py-lg-10\"><\/div><\/div><\/div><\/div><\/div><div id=\"donations-matter\" class=\"agro-section-wrapper vc_custom_1686584856803 nt-has-fill\"><div class=\"nt-column col-sm-12\"><div class=\"nt-shortcode-wrapper\"><div class=\"section item_69e77a25dde16\" data-res-css=\"      .section.item_69e77a25dde16 .custom-btn {color: #fcdb5a!important; } .section.item_69e77a25dde16 .custom-btn:hover {color: #000000!important; } .section.item_69e77a25dde16 .custom-btn {border-color: #ffffff!important; } .section.item_69e77a25dde16 .custom-btn:hover {border-color: #ffffff!important; } .section.item_69e77a25dde16 .custom-btn {background-color: #000000!important; } .section.item_69e77a25dde16 .custom-btn:hover {background-color: #ffffff!important; }  \"><div class=\"container\"><div class=\"row\"><div class=\"col-12 col-lg-6\"><h2 class=\"info-heading\">\u00bfQu\u00e9 hacemos con <span>las donaciones?<\/span><\/h2>La Fundaci\u00f3n Grain Place es el propietario mayoritario de la granja y recibi\u00f3 el 65% de The Grain Place, Inc., una corporaci\u00f3n privada con fines de lucro cuya propiedad est\u00e1 restringida a miembros de la familia Vetter y la fundaci\u00f3n. El objetivo para los pr\u00f3ximos a\u00f1os es que la fundaci\u00f3n posea el 85%. La antigua casa de Don Vetter ha sido cedida a la fundaci\u00f3n y sirve como residencia privada de uno de los residentes. Continuar con la pr\u00e1ctica de la familia Vetter de invertir todos los ingresos de Grain Place en la granja significa que los fondos para el funcionamiento de la fundaci\u00f3n provienen de otra parte. El dinero inicial para establecer legalmente la fundaci\u00f3n provino de donaciones hechas en memoria de Don Vetter quien muri\u00f3 en Marzo de 2015. Las subvenciones ayudan a financiar algunos de nuestros proyectos de investigaci\u00f3n especif\u00edcos.<\/p>\n<p>En abril del 2023 nos convertimos en socios del programa TOPP de la USDA, lo que nos ha permitido por primera vez contratar empleados de la fundaci\u00f3n. \nEstamos agradecidos por los muchos voluntarios que ayudan a administrar la fundaci\u00f3n, realizan investigaciones y educaci\u00f3n, e incluso ayudan a operar la granja.<\/p>\n<p>Puede especificar el uso de su regalo a trav\u00e9s de la opci\u00f3n \"prop\u00f3sito\" en el bot\u00f3n \"donar\" o mediante comentarios en su cheque.<\/p>\n<p>&nbsp;<\/p>\n<ul>\n<li>\u00a0<strong>\u201cFriends of the Foundation\u201d<\/strong> gifts support general operations. It takes about $20,000 annually to keep the foundation legally operating with volunteer directors. We also invest up to $15,000 annually in farm operations specifically to enable the farm to support two resident farmers. When our TOPP contract ends we hope to be able to continue a foundation employee to help administer the foundation and continue outreach and education programs. This would require an addition $50,000 or more of outside support.<\/li>\n<\/ul>\n<p>&nbsp;<\/p>\n<ul>\n<li><strong>\u201cField Day Sponsorships\u201d<\/strong> help make our annual Field Day and other educational programs possible. These sponsors receive recognition in Field Day promotions and activities.<\/li>\n<\/ul>\n<p>&nbsp;<\/p>\n<ul>\n<li><strong>\u201cRogean Taylor Vetter Memorial\u201d<\/strong> gifts have enabled us to establish an endowment specifically to support internships. We have established a formalized summer internship program for students. Income from this endowment will be used to directly support interns. In the Spring of 2025 this fund had grown to over $100,000.<\/li>\n<\/ul>\n<p>&nbsp;<\/p>\n<ul>\n<li><strong>\u201cIntern House Building Fund\u201d<\/strong> gifts will help us landscape, operate, and expand \u201cHarrison House\u201d for interns, researchers, volunteers and other folks who need to spend a few days or few weeks on the farm. The house currently has two bedrooms and two bathrooms, common area with kitchen, and laundry facilities. This project was primarily funded by gifts of $125,000 from Greg and Linda Harrison. Additional gifts of about $25,000 have enabled substantial completion. We estimate that exterior construction and landscaping will take an additional $10,000 and annual operating costs will be about $5,000. Additional bedrooms in the basement may be added as need arises.<\/li>\n<\/ul>\n<p>&nbsp;<\/p>\n<ul>\n<li>The <strong>\u201cUnrestricted Endowment Fund\u201d<\/strong> was established in 2022 with an initial gift of $100,000 from Greg and Linda Harrison. This fund may be spent at the discretion of the Board of Directors. It is invested under the direction of the Board\u2019s Endowment Committee.<\/li>\n<\/ul>\n<p>&nbsp;<\/p>\n<ul>\n<li><strong>Gifts for special projects<\/strong> such as research, promotion of, Dreaming of a Vetter World, or events are always welcome. Folks have also given to purchase equipment or develop infrastructure for the farm.<\/li>\n<\/ul>\n<p>&nbsp;<\/p>\n<ul>\n<li><\/li>\n<\/ul>\n<p>Para obtener informaci\u00f3n sobre donaciones o sobre fondos de dotaci\u00f3n u otros proyectos espec\u00edficos, comun\u00edquese con: Jay Vetter, 1711 Mills Drive, Estes Park, CO 80517 jay@grainplacefoundation.org 308 850-3020<p><a class=\"custom-btn custom-btn--medium custom-btn--style-1\" href=\"https:\/\/www.aplos.com\/aws\/give\/GrainPlaceFoundation\/Donate\" target=\"_blank\">Donar ahora<\/a><\/p><\/div><div class=\"col-12 my-3 d-lg-none\"><\/div><div class=\"col-12 col-lg-6\"><img decoding=\"async\" src=\"https:\/\/www.grainplacefoundation.org\/wp-content\/uploads\/2023\/06\/foods.jpeg\" class=\"img-fluid\" alt=\"the grain place grain cleaning\"><\/div><\/div><\/div><\/div><\/div><\/div><\/div><div class=\"nt_clearfix\"><\/div>","protected":false},"excerpt":{"rendered":"GET INVOLVED AT THE GRAIN PLACEHomeDonate to The Grain PlaceFinancial Gifts:\u00a0 Your gifts will support farm operations, and help us establish educational and scientific programs to enhance the legacy of a pioneering organic farm.\u00a0 Your tax-deductible financial contribution each year makes you a Friend of the Foundation, and you will both receive periodic updates via...","protected":false},"author":1,"featured_media":0,"parent":0,"menu_order":0,"comment_status":"closed","ping_status":"closed","template":"custom-page.php","meta":{"om_disable_all_campaigns":false,"_monsterinsights_skip_tracking":false,"_monsterinsights_sitenote_active":false,"_monsterinsights_sitenote_note":"","_monsterinsights_sitenote_category":0,"_uf_show_specific_survey":0,"_uf_disable_surveys":false,"footnotes":""},"class_list":["post-322","page","type-page","status-publish","hentry"," nt-post-class"],"aioseo_notices":[],"_links":{"self":[{"href":"https:\/\/www.grainplacefoundation.org\/espanol\/wp-json\/wp\/v2\/pages\/322","targetHints":{"allow":["GET"]}}],"collection":[{"href":"https:\/\/www.grainplacefoundation.org\/espanol\/wp-json\/wp\/v2\/pages"}],"about":[{"href":"https:\/\/www.grainplacefoundation.org\/espanol\/wp-json\/wp\/v2\/types\/page"}],"author":[{"embeddable":true,"href":"https:\/\/www.grainplacefoundation.org\/espanol\/wp-json\/wp\/v2\/users\/1"}],"replies":[{"embeddable":true,"href":"https:\/\/www.grainplacefoundation.org\/espanol\/wp-json\/wp\/v2\/comments?post=322"}],"version-history":[{"count":58,"href":"https:\/\/www.grainplacefoundation.org\/espanol\/wp-json\/wp\/v2\/pages\/322\/revisions"}],"predecessor-version":[{"id":2378,"href":"https:\/\/www.grainplacefoundation.org\/espanol\/wp-json\/wp\/v2\/pages\/322\/revisions\/2378"}],"wp:attachment":[{"href":"https:\/\/www.grainplacefoundation.org\/espanol\/wp-json\/wp\/v2\/media?parent=322"}],"curies":[{"name":"wp","href":"https:\/\/api.w.org\/{rel}","templated":true}]}}