{"id":2740,"date":"2026-03-12T22:35:50","date_gmt":"2026-03-12T22:35:50","guid":{"rendered":"https:\/\/www.grainplacefoundation.org\/?page_id=2740"},"modified":"2026-03-12T23:11:42","modified_gmt":"2026-03-12T23:11:42","slug":"careers","status":"publish","type":"page","link":"https:\/\/www.grainplacefoundation.org\/espanol\/careers\/","title":{"rendered":"Oportunidades de trabajo"},"content":{"rendered":"<div class=\"vc_row wpb_row vc_row-fluid\"><div class=\"nt-column col-sm-12\"><div class=\"nt-shortcode-wrapper\">\n\t<div class=\"wpb_text_column wpb_content_element\" >\n\t\t<div class=\"wpb_wrapper\">\n\t\t\t<p><strong>Job Title:<\/strong> Entry Level Resident Farmer<\/p>\n<p><strong>Location:<\/strong> Grain Place Farm \u2013 Marquette, Nebraska<\/p>\n<p><strong>Salary:<\/strong> Base salary range is $38,000 plus benefits and housing<\/p>\n<p><strong>Reports to: Resident Farmer\/Advocate<\/strong><\/p>\n<p><strong>Status:<\/strong> Exempt, Full\u2010Time plus benefits<\/p>\n<p><strong>Updated: Position open from March 5 through April 30 or until filled<\/strong><\/p>\n<p><strong>Application: <\/strong> Submit your cover letter, resume\/curriculum vitae and three references to <strong>David Meyer <a href=\"mailto:meyerdavidh@gmail.com\">meyerdavidh@gmail.com<\/a><\/strong><\/p>\n<p>This position supports the operation and development of Grain Place Farm, a leader in organic farming since 1953, dedicated to nurturing soil and nurturing community. The role assists the resident farmer with managing a 240-acre sustainable organic cropping system that includes diverse, complex rotations and integrated livestock.<\/p>\n<p>Ideal candidates are passionate about organic farming and understand the role the Grain Place Farm has in the soil, plant, animal, human, and planet health nexus. The candidate must possess the skills, commitment and demonstrated abilities to ensure the operations are efficient and effective and nurture an atmosphere where all employees thrive. The candidate is expected to reside in the housing that is provided on site.<\/p>\n<p><strong><u>Examples of Specific Duties and Responsibilities-<\/u><\/strong> These are subject to change based on needs, but core activities and responsibilities will include:<\/p>\n<ul>\n<li>Work with the Resident Farmer\/Advocate to perform all tasks associated with the design, establishment, and subsequent upkeep of the farm to ensure a certified organic, sustainable and profitable model is maintained and the health of both animals and crops are kept at the highest level of current certified organic and regenerative standards.<\/li>\n<li>Adquirir, desarrollar, mantener y usar equipo agr\u00edcola<\/li>\n<li>Realizar pr\u00e1cticas de campo apropiadas.<\/li>\n<li>Tomar decisiones y practicar el riego y la gesti\u00f3n del agua.<\/li>\n<li>Cuidado del ganado\/ pr\u00e1cticas de cr\u00eda de ganado para el bienestar de los animales.<\/li>\n<li>Gestionar el horario de trabajo para completar las tareas de manera oportuna en armon\u00eda con la naturaleza y al mismo tiempo mantener la salud personal<\/li>\n<li>Maintaining records on farm and for USDA Organic, Regenerative, and other certifications<\/li>\n<li>Podar el pasto alrededor de los campos agr\u00edcolas, \u00e1rea del ganado y pastos; y tu \u00e1rea de vivienda.<\/li>\n<li>Colaborar con Grain Place Foods compartiendo el equipo y manteniendo la propiedad, incluyendo pero no limitado a limpieza de nieve, \u00e1reas de tr\u00e1nsito y otras \u00e1reas comunes.<\/li>\n<\/ul>\n<p><strong><u>Education, Skills, and\/or Experience \u2013<\/u><\/strong><\/p>\n<ul>\n<li>Farming experience (preferred)<\/li>\n<li>Familiarity with operating and maintaining farm equipment (preferred)<\/li>\n<li>Openness to and enthusiasm for learning new techniques, products, and approaches<\/li>\n<li>Must be willing to work rotating-seasonal and non-standard hours as needed<\/li>\n<li>Ability to work cooperatively with other staff and volunteers and a willingness to assist others in the service of Grain Place Farm mission<\/li>\n<li>Strong time management skills<\/li>\n<\/ul>\n\n\t\t<\/div>\n\t<\/div>\n<\/div><\/div><\/div>","protected":false},"excerpt":{"rendered":"Job Title: Entry Level Resident Farmer Location: Grain Place Farm \u2013 Marquette, Nebraska Salary: Base salary range is $38,000 plus benefits and housing Reports to: Resident Farmer\/Advocate Status: Exempt, Full\u2010Time plus benefits Updated: Position open from March 5 through April 30 or until filled Application: Submit your cover letter, resume\/curriculum vitae and three references to...","protected":false},"author":1,"featured_media":0,"parent":0,"menu_order":0,"comment_status":"closed","ping_status":"closed","template":"","meta":{"om_disable_all_campaigns":false,"_monsterinsights_skip_tracking":false,"_monsterinsights_sitenote_active":false,"_monsterinsights_sitenote_note":"","_monsterinsights_sitenote_category":0,"_uf_show_specific_survey":0,"_uf_disable_surveys":false,"footnotes":""},"class_list":["post-2740","page","type-page","status-publish","hentry"," nt-post-class"],"aioseo_notices":[],"_links":{"self":[{"href":"https:\/\/www.grainplacefoundation.org\/espanol\/wp-json\/wp\/v2\/pages\/2740","targetHints":{"allow":["GET"]}}],"collection":[{"href":"https:\/\/www.grainplacefoundation.org\/espanol\/wp-json\/wp\/v2\/pages"}],"about":[{"href":"https:\/\/www.grainplacefoundation.org\/espanol\/wp-json\/wp\/v2\/types\/page"}],"author":[{"embeddable":true,"href":"https:\/\/www.grainplacefoundation.org\/espanol\/wp-json\/wp\/v2\/users\/1"}],"replies":[{"embeddable":true,"href":"https:\/\/www.grainplacefoundation.org\/espanol\/wp-json\/wp\/v2\/comments?post=2740"}],"version-history":[{"count":7,"href":"https:\/\/www.grainplacefoundation.org\/espanol\/wp-json\/wp\/v2\/pages\/2740\/revisions"}],"predecessor-version":[{"id":2751,"href":"https:\/\/www.grainplacefoundation.org\/espanol\/wp-json\/wp\/v2\/pages\/2740\/revisions\/2751"}],"wp:attachment":[{"href":"https:\/\/www.grainplacefoundation.org\/espanol\/wp-json\/wp\/v2\/media?parent=2740"}],"curies":[{"name":"wp","href":"https:\/\/api.w.org\/{rel}","templated":true}]}}